{"id":892,"date":"2018-08-30T15:02:49","date_gmt":"2018-08-30T18:02:49","guid":{"rendered":"https:\/\/isarte-for.infd.edu.ar\/sitio\/datos-institucionales\/"},"modified":"2018-09-21T18:55:18","modified_gmt":"2018-09-21T21:55:18","slug":"datos-institucionales","status":"publish","type":"page","link":"https:\/\/isarte-for.infd.edu.ar\/sitio\/datos-institucionales\/","title":{"rendered":"Datos institucionales"},"content":{"rendered":"<p><img decoding=\"async\" loading=\"lazy\" style=\"float: right;\" title=\"FILETES\" src=\"https:\/\/isarte-for.infd.edu.ar\/sitio\/wp-content\/uploads\/2018\/08\/FILETES.jpg\" alt=\"FILETES\" width=\"540\" height=\"91\" border=\"0\" \/><\/p>\n<blockquote>\n<blockquote>\n<p style=\"text-align: center;\"><strong>INSTITUTO SUPERIOR DE ARTE<\/strong><\/p>\n<p style=\"text-align: center;\"><strong>\u00abOscar A. Albertazzi\u00bb <\/strong><\/p>\n<p style=\"text-align: center;\"><span style=\"font-size: 10pt;\"><em>Espa\u00f1a y Av. 9 de Julio &#8211; Formosa<\/em><\/span><\/p>\n<p><span style=\"font-size: 10pt;\"><strong><em>Director Interventor<\/em><\/strong><strong><em>: <\/em><\/strong><em>Prof. Irala Sergio<\/em><\/span><\/p>\n<p><span style=\"font-size: 10pt;\"><strong><em>Secretaria Acad\u00e9mica<\/em><\/strong><strong><em>: <\/em><\/strong><em>Prof. Nelly Nu\u00f1ez<\/em><\/span><\/p>\n<p style=\"text-align: center;\">\n<\/blockquote>\n<\/blockquote>\n<p style=\"text-align: center;\"><span style=\"text-decoration: underline;\"><strong><span style=\"font-size: 12pt;\">\u00a0<\/span><\/strong><\/span><\/p>\n","protected":false},"excerpt":{"rendered":"<p>INSTITUTO SUPERIOR DE ARTE \u00abOscar A. Albertazzi\u00bb Espa\u00f1a y Av. 9 de Julio &#8211; Formosa Director Interventor: Prof. Irala Sergio Secretaria Acad\u00e9mica: Prof. Nelly Nu\u00f1ez \u00a0<\/p>\n","protected":false},"author":358,"featured_media":0,"parent":0,"menu_order":0,"comment_status":"closed","ping_status":"closed","template":"","meta":[],"acf":[],"_links":{"self":[{"href":"https:\/\/isarte-for.infd.edu.ar\/sitio\/wp-json\/wp\/v2\/pages\/892"}],"collection":[{"href":"https:\/\/isarte-for.infd.edu.ar\/sitio\/wp-json\/wp\/v2\/pages"}],"about":[{"href":"https:\/\/isarte-for.infd.edu.ar\/sitio\/wp-json\/wp\/v2\/types\/page"}],"author":[{"embeddable":true,"href":"https:\/\/isarte-for.infd.edu.ar\/sitio\/wp-json\/wp\/v2\/users\/358"}],"replies":[{"embeddable":true,"href":"https:\/\/isarte-for.infd.edu.ar\/sitio\/wp-json\/wp\/v2\/comments?post=892"}],"version-history":[{"count":1,"href":"https:\/\/isarte-for.infd.edu.ar\/sitio\/wp-json\/wp\/v2\/pages\/892\/revisions"}],"predecessor-version":[{"id":989,"href":"https:\/\/isarte-for.infd.edu.ar\/sitio\/wp-json\/wp\/v2\/pages\/892\/revisions\/989"}],"wp:attachment":[{"href":"https:\/\/isarte-for.infd.edu.ar\/sitio\/wp-json\/wp\/v2\/media?parent=892"}],"curies":[{"name":"wp","href":"https:\/\/api.w.org\/{rel}","templated":true}]}}